{"id":62176,"date":"2016-12-04T17:36:27","date_gmt":"2016-12-04T19:36:27","guid":{"rendered":"\/?page_id=62176"},"modified":"2016-12-04T17:38:19","modified_gmt":"2016-12-04T19:38:19","slug":"cadastros","status":"publish","type":"page","link":"http:\/\/origem.biz\/?page_id=62176","title":{"rendered":"Cadastros"},"content":{"rendered":"<section class=\"l-section wpb_row height_medium\"><div class=\"l-section-h i-cf\"><div class=\"g-cols offset_small\"><div class=\" full-width\"><div class=\"w-blog layout_smallcircle cols_3\">\t<div class=\"w-blog-preloader\">\n\t\t<div class=\"g-preloader type_1\"><\/div>\n\t<\/div>\n\t<div class=\"w-blog-list\">\n\n<div class=\"w-blog-post post-51926 cadastro type-cadastro status-publish has-post-thumbnail hentry\" data-id=\"51926\" data-categories=\"\">\n\t<div class=\"w-blog-post-h\">\n\t\t<a href=\"http:\/\/origem.biz\/?cadastro=jacyntho-jose-lins-brandao-jacyntho-lins-brandao-professor\">\n\t\t\t<span class=\"w-blog-post-preview\">\n\t\t\t\t<img width=\"350\" height=\"350\" src=\"http:\/\/origem.biz\/wp-content\/uploads\/2016\/12\/11144468_10207308620295381_5127386263658210689_o-350x350.jpg\" class=\"attachment-tnail-1x1-small size-tnail-1x1-small wp-post-image\" alt=\"\" loading=\"lazy\" srcset=\"http:\/\/origem.biz\/wp-content\/uploads\/2016\/12\/11144468_10207308620295381_5127386263658210689_o-350x350.jpg 350w, http:\/\/origem.biz\/wp-content\/uploads\/2016\/12\/11144468_10207308620295381_5127386263658210689_o-150x150.jpg 150w, http:\/\/origem.biz\/wp-content\/uploads\/2016\/12\/11144468_10207308620295381_5127386263658210689_o-600x600.jpg 600w\" sizes=\"(max-width: 350px) 100vw, 350px\" \/>\t\t\t\t<span class=\"w-blog-post-preview-icon\"><\/span>\n\t\t\t<\/span>\n\t\t<\/a>\n\t\t<div class=\"w-blog-post-body\">\n\t\t\t<h2 class=\"w-blog-post-title\">\n\t\t\t\t<a class=\"entry-title\" rel=\"bookmark\" href=\"http:\/\/origem.biz\/?cadastro=jacyntho-jose-lins-brandao-jacyntho-lins-brandao-professor\">Jacyntho Jos\u00e9 Lins Brand\u00e3o (Jacyntho Lins Brand\u00e3o), Professor<\/a>\n\t\t\t<\/h2>\n\t\t\t<div class=\"w-blog-post-meta hidden\">\n\t\t\t\t<time class=\"w-blog-post-meta-date date updated hidden\">04\/12\/2016<\/time><span class=\"w-blog-post-meta-author vcard author hidden\"><a href=\"http:\/\/origem.biz\" class=\"fn\">admin<\/a><\/span>\t\t\t<\/div>\n\t\t<\/div>\n\t<\/div>\n<\/div>\n\n\n\n<div class=\"w-blog-post post-51949 cadastro type-cadastro status-publish hentry\" data-id=\"51949\" data-categories=\"\">\n\t<div class=\"w-blog-post-h\">\n\t\t<a href=\"http:\/\/origem.biz\/?cadastro=domingos-dias-maciel\">\n\t\t\t<span class=\"w-blog-post-preview\">\n\t\t\t\t\t\t\t\t<span class=\"w-blog-post-preview-icon\"><\/span>\n\t\t\t<\/span>\n\t\t<\/a>\n\t\t<div class=\"w-blog-post-body\">\n\t\t\t<h2 class=\"w-blog-post-title\">\n\t\t\t\t<a class=\"entry-title\" rel=\"bookmark\" href=\"http:\/\/origem.biz\/?cadastro=domingos-dias-maciel\">Domingos Dias Maciel<\/a>\n\t\t\t<\/h2>\n\t\t\t<div class=\"w-blog-post-meta hidden\">\n\t\t\t\t<time class=\"w-blog-post-meta-date date updated hidden\">04\/12\/2016<\/time><span class=\"w-blog-post-meta-author vcard author hidden\"><a href=\"http:\/\/origem.biz\" class=\"fn\">admin<\/a><\/span>\t\t\t<\/div>\n\t\t<\/div>\n\t<\/div>\n<\/div>\n\n\n\n<div class=\"w-blog-post post-51948 cadastro type-cadastro status-publish hentry\" data-id=\"51948\" data-categories=\"\">\n\t<div class=\"w-blog-post-h\">\n\t\t<a href=\"http:\/\/origem.biz\/?cadastro=alexandre-dias-maciel\">\n\t\t\t<span class=\"w-blog-post-preview\">\n\t\t\t\t\t\t\t\t<span class=\"w-blog-post-preview-icon\"><\/span>\n\t\t\t<\/span>\n\t\t<\/a>\n\t\t<div class=\"w-blog-post-body\">\n\t\t\t<h2 class=\"w-blog-post-title\">\n\t\t\t\t<a class=\"entry-title\" rel=\"bookmark\" href=\"http:\/\/origem.biz\/?cadastro=alexandre-dias-maciel\">Alexandre Dias Maciel<\/a>\n\t\t\t<\/h2>\n\t\t\t<div class=\"w-blog-post-meta hidden\">\n\t\t\t\t<time class=\"w-blog-post-meta-date date updated hidden\">04\/12\/2016<\/time><span class=\"w-blog-post-meta-author vcard author hidden\"><a href=\"http:\/\/origem.biz\" class=\"fn\">admin<\/a><\/span>\t\t\t<\/div>\n\t\t<\/div>\n\t<\/div>\n<\/div>\n\n\n\n<div class=\"w-blog-post post-51947 cadastro type-cadastro status-publish hentry\" data-id=\"51947\" data-categories=\"\">\n\t<div class=\"w-blog-post-h\">\n\t\t<a href=\"http:\/\/origem.biz\/?cadastro=antonio-dias-maciel-capitao\">\n\t\t\t<span class=\"w-blog-post-preview\">\n\t\t\t\t\t\t\t\t<span class=\"w-blog-post-preview-icon\"><\/span>\n\t\t\t<\/span>\n\t\t<\/a>\n\t\t<div class=\"w-blog-post-body\">\n\t\t\t<h2 class=\"w-blog-post-title\">\n\t\t\t\t<a class=\"entry-title\" rel=\"bookmark\" href=\"http:\/\/origem.biz\/?cadastro=antonio-dias-maciel-capitao\">Ant\u00f4nio Dias Maciel, Capit\u00e3o<\/a>\n\t\t\t<\/h2>\n\t\t\t<div class=\"w-blog-post-meta hidden\">\n\t\t\t\t<time class=\"w-blog-post-meta-date date updated hidden\">04\/12\/2016<\/time><span class=\"w-blog-post-meta-author vcard author hidden\"><a href=\"http:\/\/origem.biz\" class=\"fn\">admin<\/a><\/span>\t\t\t<\/div>\n\t\t<\/div>\n\t<\/div>\n<\/div>\n\n\n\n<div class=\"w-blog-post post-51946 cadastro type-cadastro status-publish hentry\" data-id=\"51946\" data-categories=\"\">\n\t<div class=\"w-blog-post-h\">\n\t\t<a href=\"http:\/\/origem.biz\/?cadastro=rosa-alexandrina-maciel-tilosa\">\n\t\t\t<span class=\"w-blog-post-preview\">\n\t\t\t\t\t\t\t\t<span class=\"w-blog-post-preview-icon\"><\/span>\n\t\t\t<\/span>\n\t\t<\/a>\n\t\t<div class=\"w-blog-post-body\">\n\t\t\t<h2 class=\"w-blog-post-title\">\n\t\t\t\t<a class=\"entry-title\" rel=\"bookmark\" href=\"http:\/\/origem.biz\/?cadastro=rosa-alexandrina-maciel-tilosa\">Rosa Alexandrina Maciel (Tilosa)<\/a>\n\t\t\t<\/h2>\n\t\t\t<div class=\"w-blog-post-meta hidden\">\n\t\t\t\t<time class=\"w-blog-post-meta-date date updated hidden\">04\/12\/2016<\/time><span class=\"w-blog-post-meta-author vcard author hidden\"><a href=\"http:\/\/origem.biz\" class=\"fn\">admin<\/a><\/span>\t\t\t<\/div>\n\t\t<\/div>\n\t<\/div>\n<\/div>\n\n\n\n<div class=\"w-blog-post post-51945 cadastro type-cadastro status-publish has-post-thumbnail hentry\" data-id=\"51945\" data-categories=\"\">\n\t<div class=\"w-blog-post-h\">\n\t\t<a href=\"http:\/\/origem.biz\/?cadastro=avelina-bernardes-guadalupe-velica-professora\">\n\t\t\t<span class=\"w-blog-post-preview\">\n\t\t\t\t<img width=\"350\" height=\"350\" src=\"http:\/\/origem.biz\/wp-content\/uploads\/2016\/12\/Digitalizar0001-350x350.jpg\" class=\"attachment-tnail-1x1-small size-tnail-1x1-small wp-post-image\" alt=\"\" loading=\"lazy\" srcset=\"http:\/\/origem.biz\/wp-content\/uploads\/2016\/12\/Digitalizar0001-350x350.jpg 350w, http:\/\/origem.biz\/wp-content\/uploads\/2016\/12\/Digitalizar0001-150x150.jpg 150w\" sizes=\"(max-width: 350px) 100vw, 350px\" \/>\t\t\t\t<span class=\"w-blog-post-preview-icon\"><\/span>\n\t\t\t<\/span>\n\t\t<\/a>\n\t\t<div class=\"w-blog-post-body\">\n\t\t\t<h2 class=\"w-blog-post-title\">\n\t\t\t\t<a class=\"entry-title\" rel=\"bookmark\" href=\"http:\/\/origem.biz\/?cadastro=avelina-bernardes-guadalupe-velica-professora\">Avelina Bernardes Guadalupe (Velica), Professora<\/a>\n\t\t\t<\/h2>\n\t\t\t<div class=\"w-blog-post-meta hidden\">\n\t\t\t\t<time class=\"w-blog-post-meta-date date updated hidden\">04\/12\/2016<\/time><span class=\"w-blog-post-meta-author vcard author hidden\"><a href=\"http:\/\/origem.biz\" class=\"fn\">admin<\/a><\/span>\t\t\t<\/div>\n\t\t<\/div>\n\t<\/div>\n<\/div>\n\n\n\n<div class=\"w-blog-post post-51944 cadastro type-cadastro status-publish has-post-thumbnail hentry\" data-id=\"51944\" data-categories=\"\">\n\t<div class=\"w-blog-post-h\">\n\t\t<a href=\"http:\/\/origem.biz\/?cadastro=maria-belarmina-guadalupe-dos-santos-professora\">\n\t\t\t<span class=\"w-blog-post-preview\">\n\t\t\t\t<img width=\"350\" height=\"350\" src=\"http:\/\/origem.biz\/wp-content\/uploads\/2016\/12\/MariaBelarminaGuadalupeSantos-350x350.jpg\" class=\"attachment-tnail-1x1-small size-tnail-1x1-small wp-post-image\" alt=\"\" loading=\"lazy\" srcset=\"http:\/\/origem.biz\/wp-content\/uploads\/2016\/12\/MariaBelarminaGuadalupeSantos-350x350.jpg 350w, http:\/\/origem.biz\/wp-content\/uploads\/2016\/12\/MariaBelarminaGuadalupeSantos-150x150.jpg 150w\" sizes=\"(max-width: 350px) 100vw, 350px\" \/>\t\t\t\t<span class=\"w-blog-post-preview-icon\"><\/span>\n\t\t\t<\/span>\n\t\t<\/a>\n\t\t<div class=\"w-blog-post-body\">\n\t\t\t<h2 class=\"w-blog-post-title\">\n\t\t\t\t<a class=\"entry-title\" rel=\"bookmark\" href=\"http:\/\/origem.biz\/?cadastro=maria-belarmina-guadalupe-dos-santos-professora\">Maria Belarmina Guadalupe dos Santos, Professora<\/a>\n\t\t\t<\/h2>\n\t\t\t<div class=\"w-blog-post-meta hidden\">\n\t\t\t\t<time class=\"w-blog-post-meta-date date updated hidden\">04\/12\/2016<\/time><span class=\"w-blog-post-meta-author vcard author hidden\"><a href=\"http:\/\/origem.biz\" class=\"fn\">admin<\/a><\/span>\t\t\t<\/div>\n\t\t<\/div>\n\t<\/div>\n<\/div>\n\n\n\n<div class=\"w-blog-post post-51943 cadastro type-cadastro status-publish has-post-thumbnail hentry\" data-id=\"51943\" data-categories=\"\">\n\t<div class=\"w-blog-post-h\">\n\t\t<a href=\"http:\/\/origem.biz\/?cadastro=ciro-dos-santos-doutor\">\n\t\t\t<span class=\"w-blog-post-preview\">\n\t\t\t\t<img width=\"315\" height=\"350\" src=\"http:\/\/origem.biz\/wp-content\/uploads\/2016\/12\/74762_517647288248346_459902300_n-315x350.jpg\" class=\"attachment-tnail-1x1-small size-tnail-1x1-small wp-post-image\" alt=\"\" loading=\"lazy\" \/>\t\t\t\t<span class=\"w-blog-post-preview-icon\"><\/span>\n\t\t\t<\/span>\n\t\t<\/a>\n\t\t<div class=\"w-blog-post-body\">\n\t\t\t<h2 class=\"w-blog-post-title\">\n\t\t\t\t<a class=\"entry-title\" rel=\"bookmark\" href=\"http:\/\/origem.biz\/?cadastro=ciro-dos-santos-doutor\">Ciro dos Santos, M\u00e9dico<\/a>\n\t\t\t<\/h2>\n\t\t\t<div class=\"w-blog-post-meta hidden\">\n\t\t\t\t<time class=\"w-blog-post-meta-date date updated hidden\">04\/12\/2016<\/time><span class=\"w-blog-post-meta-author vcard author hidden\"><a href=\"http:\/\/origem.biz\" class=\"fn\">admin<\/a><\/span>\t\t\t<\/div>\n\t\t<\/div>\n\t<\/div>\n<\/div>\n\n\n\n<div class=\"w-blog-post post-51942 cadastro type-cadastro status-publish hentry\" data-id=\"51942\" data-categories=\"\">\n\t<div class=\"w-blog-post-h\">\n\t\t<a href=\"http:\/\/origem.biz\/?cadastro=manoel-pereira-brandao-capitao\">\n\t\t\t<span class=\"w-blog-post-preview\">\n\t\t\t\t\t\t\t\t<span class=\"w-blog-post-preview-icon\"><\/span>\n\t\t\t<\/span>\n\t\t<\/a>\n\t\t<div class=\"w-blog-post-body\">\n\t\t\t<h2 class=\"w-blog-post-title\">\n\t\t\t\t<a class=\"entry-title\" rel=\"bookmark\" href=\"http:\/\/origem.biz\/?cadastro=manoel-pereira-brandao-capitao\">Manoel Pereira Brand\u00e3o, Capit\u00e3o<\/a>\n\t\t\t<\/h2>\n\t\t\t<div class=\"w-blog-post-meta hidden\">\n\t\t\t\t<time class=\"w-blog-post-meta-date date updated hidden\">04\/12\/2016<\/time><span class=\"w-blog-post-meta-author vcard author hidden\"><a href=\"http:\/\/origem.biz\" class=\"fn\">admin<\/a><\/span>\t\t\t<\/div>\n\t\t<\/div>\n\t<\/div>\n<\/div>\n\n\n\n<div class=\"w-blog-post post-51941 cadastro type-cadastro status-publish hentry\" data-id=\"51941\" data-categories=\"\">\n\t<div class=\"w-blog-post-h\">\n\t\t<a href=\"http:\/\/origem.biz\/?cadastro=jacintho-pereira-brandao-jacintho-martins-pereira-brandao\">\n\t\t\t<span class=\"w-blog-post-preview\">\n\t\t\t\t\t\t\t\t<span class=\"w-blog-post-preview-icon\"><\/span>\n\t\t\t<\/span>\n\t\t<\/a>\n\t\t<div class=\"w-blog-post-body\">\n\t\t\t<h2 class=\"w-blog-post-title\">\n\t\t\t\t<a class=\"entry-title\" rel=\"bookmark\" href=\"http:\/\/origem.biz\/?cadastro=jacintho-pereira-brandao-jacintho-martins-pereira-brandao\">Jacintho Pereira Brand\u00e3o (Jacintho Martins Pereira Brand\u00e3o)<\/a>\n\t\t\t<\/h2>\n\t\t\t<div class=\"w-blog-post-meta hidden\">\n\t\t\t\t<time class=\"w-blog-post-meta-date date updated hidden\">04\/12\/2016<\/time><span class=\"w-blog-post-meta-author vcard author hidden\"><a href=\"http:\/\/origem.biz\" class=\"fn\">admin<\/a><\/span>\t\t\t<\/div>\n\t\t<\/div>\n\t<\/div>\n<\/div>\n\n\n\n<div class=\"w-blog-post post-51940 cadastro type-cadastro status-publish has-post-thumbnail hentry\" data-id=\"51940\" data-categories=\"\">\n\t<div class=\"w-blog-post-h\">\n\t\t<a href=\"http:\/\/origem.biz\/?cadastro=manuel-brandao\">\n\t\t\t<span class=\"w-blog-post-preview\">\n\t\t\t\t<img width=\"350\" height=\"350\" src=\"http:\/\/origem.biz\/wp-content\/uploads\/2016\/12\/Manuelbrandao-350x350.jpeg\" class=\"attachment-tnail-1x1-small size-tnail-1x1-small wp-post-image\" alt=\"\" loading=\"lazy\" srcset=\"http:\/\/origem.biz\/wp-content\/uploads\/2016\/12\/Manuelbrandao-350x350.jpeg 350w, http:\/\/origem.biz\/wp-content\/uploads\/2016\/12\/Manuelbrandao-150x150.jpeg 150w\" sizes=\"(max-width: 350px) 100vw, 350px\" \/>\t\t\t\t<span class=\"w-blog-post-preview-icon\"><\/span>\n\t\t\t<\/span>\n\t\t<\/a>\n\t\t<div class=\"w-blog-post-body\">\n\t\t\t<h2 class=\"w-blog-post-title\">\n\t\t\t\t<a class=\"entry-title\" rel=\"bookmark\" href=\"http:\/\/origem.biz\/?cadastro=manuel-brandao\">Manuel Brand\u00e3o, Alfaiate<\/a>\n\t\t\t<\/h2>\n\t\t\t<div class=\"w-blog-post-meta hidden\">\n\t\t\t\t<time class=\"w-blog-post-meta-date date updated hidden\">04\/12\/2016<\/time><span class=\"w-blog-post-meta-author vcard author hidden\"><a href=\"http:\/\/origem.biz\" class=\"fn\">admin<\/a><\/span>\t\t\t<\/div>\n\t\t<\/div>\n\t<\/div>\n<\/div>\n\n\n\n<div class=\"w-blog-post post-51939 cadastro type-cadastro status-publish hentry\" data-id=\"51939\" data-categories=\"\">\n\t<div class=\"w-blog-post-h\">\n\t\t<a href=\"http:\/\/origem.biz\/?cadastro=fabio-de-oliveira-horta-engenheiro\">\n\t\t\t<span class=\"w-blog-post-preview\">\n\t\t\t\t\t\t\t\t<span class=\"w-blog-post-preview-icon\"><\/span>\n\t\t\t<\/span>\n\t\t<\/a>\n\t\t<div class=\"w-blog-post-body\">\n\t\t\t<h2 class=\"w-blog-post-title\">\n\t\t\t\t<a class=\"entry-title\" rel=\"bookmark\" href=\"http:\/\/origem.biz\/?cadastro=fabio-de-oliveira-horta-engenheiro\">F\u00e1bio de Oliveira Horta, Engenheiro<\/a>\n\t\t\t<\/h2>\n\t\t\t<div class=\"w-blog-post-meta hidden\">\n\t\t\t\t<time class=\"w-blog-post-meta-date date updated hidden\">04\/12\/2016<\/time><span class=\"w-blog-post-meta-author vcard author hidden\"><a href=\"http:\/\/origem.biz\" class=\"fn\">admin<\/a><\/span>\t\t\t<\/div>\n\t\t<\/div>\n\t<\/div>\n<\/div>\n\n\n\n<div class=\"w-blog-post post-51935 cadastro type-cadastro status-publish has-post-thumbnail hentry\" data-id=\"51935\" data-categories=\"\">\n\t<div class=\"w-blog-post-h\">\n\t\t<a href=\"http:\/\/origem.biz\/?cadastro=jose-messias-lins-brandao\">\n\t\t\t<span class=\"w-blog-post-preview\">\n\t\t\t\t<img width=\"69\" height=\"76\" src=\"http:\/\/origem.biz\/wp-content\/uploads\/2016\/12\/MessiasLinsBrandao.jpeg\" class=\"attachment-tnail-1x1-small size-tnail-1x1-small wp-post-image\" alt=\"\" loading=\"lazy\" \/>\t\t\t\t<span class=\"w-blog-post-preview-icon\"><\/span>\n\t\t\t<\/span>\n\t\t<\/a>\n\t\t<div class=\"w-blog-post-body\">\n\t\t\t<h2 class=\"w-blog-post-title\">\n\t\t\t\t<a class=\"entry-title\" rel=\"bookmark\" href=\"http:\/\/origem.biz\/?cadastro=jose-messias-lins-brandao\">Jos\u00e9 Messias Lins Brand\u00e3o<\/a>\n\t\t\t<\/h2>\n\t\t\t<div class=\"w-blog-post-meta hidden\">\n\t\t\t\t<time class=\"w-blog-post-meta-date date updated hidden\">04\/12\/2016<\/time><span class=\"w-blog-post-meta-author vcard author hidden\"><a href=\"http:\/\/origem.biz\" class=\"fn\">admin<\/a><\/span>\t\t\t<\/div>\n\t\t<\/div>\n\t<\/div>\n<\/div>\n\n\n\n<div class=\"w-blog-post post-51932 cadastro type-cadastro status-publish has-post-thumbnail hentry\" data-id=\"51932\" data-categories=\"\">\n\t<div class=\"w-blog-post-h\">\n\t\t<a href=\"http:\/\/origem.biz\/?cadastro=maria-aparecida-lins-brandao-professora\">\n\t\t\t<span class=\"w-blog-post-preview\">\n\t\t\t\t<img width=\"201\" height=\"210\" src=\"http:\/\/origem.biz\/wp-content\/uploads\/2016\/12\/Digitalizar0004.jpg\" class=\"attachment-tnail-1x1-small size-tnail-1x1-small wp-post-image\" alt=\"\" loading=\"lazy\" \/>\t\t\t\t<span class=\"w-blog-post-preview-icon\"><\/span>\n\t\t\t<\/span>\n\t\t<\/a>\n\t\t<div class=\"w-blog-post-body\">\n\t\t\t<h2 class=\"w-blog-post-title\">\n\t\t\t\t<a class=\"entry-title\" rel=\"bookmark\" href=\"http:\/\/origem.biz\/?cadastro=maria-aparecida-lins-brandao-professora\">Maria Aparecida Lins Brand\u00e3o, Professora<\/a>\n\t\t\t<\/h2>\n\t\t\t<div class=\"w-blog-post-meta hidden\">\n\t\t\t\t<time class=\"w-blog-post-meta-date date updated hidden\">04\/12\/2016<\/time><span class=\"w-blog-post-meta-author vcard author hidden\"><a href=\"http:\/\/origem.biz\" class=\"fn\">admin<\/a><\/span>\t\t\t<\/div>\n\t\t<\/div>\n\t<\/div>\n<\/div>\n\n\n\n<div class=\"w-blog-post post-51950 cadastro type-cadastro status-publish hentry\" data-id=\"51950\" data-categories=\"\">\n\t<div class=\"w-blog-post-h\">\n\t\t<a href=\"http:\/\/origem.biz\/?cadastro=joanna-maria-bicudo\">\n\t\t\t<span class=\"w-blog-post-preview\">\n\t\t\t\t\t\t\t\t<span class=\"w-blog-post-preview-icon\"><\/span>\n\t\t\t<\/span>\n\t\t<\/a>\n\t\t<div class=\"w-blog-post-body\">\n\t\t\t<h2 class=\"w-blog-post-title\">\n\t\t\t\t<a class=\"entry-title\" rel=\"bookmark\" href=\"http:\/\/origem.biz\/?cadastro=joanna-maria-bicudo\">Joanna Maria Bicudo<\/a>\n\t\t\t<\/h2>\n\t\t\t<div class=\"w-blog-post-meta hidden\">\n\t\t\t\t<time class=\"w-blog-post-meta-date date updated hidden\">04\/12\/2016<\/time><span class=\"w-blog-post-meta-author vcard author hidden\"><a href=\"http:\/\/origem.biz\" class=\"fn\">admin<\/a><\/span>\t\t\t<\/div>\n\t\t<\/div>\n\t<\/div>\n<\/div>\n\n<\/div>\t<div class=\"w-blog-json hidden\" onclick='return {\"ajax_url\":\"http:\\\/\\\/origem.biz\\\/wp-admin\\\/admin-ajax.php\",\"permalink_url\":\"http:\\\/\\\/origem.biz\\\/?page_id=62176\",\"action\":\"us_ajax_blog\",\"max_num_pages\":834,\"infinite_scroll\":0,\"template_vars\":{\"query_args\":{\"post_type\":\"cadastro\",\"post_status\":[\"publish\",\"acf-disabled\"],\"orderby\":{\"date\":\"ASC\"},\"posts_per_page\":15},\"layout_type\":\"smallcircle\",\"metas\":[],\"title_size\":\"\",\"columns\":3,\"content_type\":\"none\",\"show_read_more\":false,\"is_shortcode\":true}}'><\/div>\n\t<div class=\"g-pagination\">\n\t<nav class=\"navigation pagination\" role=\"navigation\" aria-label=\"Posts\">\n\t\t<h2 class=\"screen-reader-text\">Navega\u00e7\u00e3o por posts<\/h2>\n\t\t<div class=\"nav-links\"><span aria-current=\"page\" class=\"page-numbers current\"><span>1<\/span><\/span>\n<a class=\"page-numbers\" href=\"http:\/\/origem.biz\/index.php\/?paged=2&#038;rest_route=%2Fwp%2Fv2%2Fpages%2F62176\"><span>2<\/span><\/a>\n<a class=\"page-numbers\" href=\"http:\/\/origem.biz\/index.php\/?paged=3&#038;rest_route=%2Fwp%2Fv2%2Fpages%2F62176\"><span>3<\/span><\/a>\n<a class=\"page-numbers\" href=\"http:\/\/origem.biz\/index.php\/?paged=4&#038;rest_route=%2Fwp%2Fv2%2Fpages%2F62176\"><span>4<\/span><\/a>\n<span class=\"page-numbers dots\">&hellip;<\/span>\n<a class=\"page-numbers\" href=\"http:\/\/origem.biz\/index.php\/?paged=834&#038;rest_route=%2Fwp%2Fv2%2Fpages%2F62176\"><span>834<\/span><\/a>\n<a class=\"next page-numbers\" href=\"http:\/\/origem.biz\/index.php\/?paged=2&#038;rest_route=%2Fwp%2Fv2%2Fpages%2F62176\">><\/a><\/div>\n\t<\/nav><\/div><\/div><\/div><\/div><\/div><\/section>\n","protected":false},"excerpt":{"rendered":"","protected":false},"author":1,"featured_media":0,"parent":0,"menu_order":0,"comment_status":"closed","ping_status":"closed","template":"","meta":[],"_links":{"self":[{"href":"http:\/\/origem.biz\/index.php?rest_route=\/wp\/v2\/pages\/62176"}],"collection":[{"href":"http:\/\/origem.biz\/index.php?rest_route=\/wp\/v2\/pages"}],"about":[{"href":"http:\/\/origem.biz\/index.php?rest_route=\/wp\/v2\/types\/page"}],"author":[{"embeddable":true,"href":"http:\/\/origem.biz\/index.php?rest_route=\/wp\/v2\/users\/1"}],"replies":[{"embeddable":true,"href":"http:\/\/origem.biz\/index.php?rest_route=%2Fwp%2Fv2%2Fcomments&post=62176"}],"version-history":[{"count":4,"href":"http:\/\/origem.biz\/index.php?rest_route=\/wp\/v2\/pages\/62176\/revisions"}],"predecessor-version":[{"id":62180,"href":"http:\/\/origem.biz\/index.php?rest_route=\/wp\/v2\/pages\/62176\/revisions\/62180"}],"wp:attachment":[{"href":"http:\/\/origem.biz\/index.php?rest_route=%2Fwp%2Fv2%2Fmedia&parent=62176"}],"curies":[{"name":"wp","href":"https:\/\/api.w.org\/{rel}","templated":true}]}}